tors of m?
2, 7, 349
Let o = 315 - 861. Let v = o - -803. List the prime factors of v.
257
Let s(b) = 1 - 61*b**3 - 6 - b + 4. Let t be s(-1). Suppose -3*w + 191 = -t. What are the prime factors of w?
2, 3, 7
Let j be 19*4/(-13) + 16/(-104). List the prime factors of 344 + (1 - 3*(-2)/j).
2, 43
Suppose -226*x + 223*x - 188447 = -5*q, 0 = -2*q - 4*x + 75384. List the prime factors of q.
2, 5, 3769
Let u(k) = -128*k + 840. List the prime factors of u(-28).
2, 7, 79
Let o(x) = -23042*x + 1805. List the prime factors of o(-2).
3, 17, 313
Suppose 0 = 19*o - 20*o + 5*i + 2630, -5*o + 4*i = -13066. List the prime factors of o.
2, 3, 5, 29
Let z(q) = 2*q**3 + 82*q**2 + 23*q + 686. List the prime factors of z(-40).
2, 1483
Suppose -3*d = t - 937, -5*t = -0*t + 10. Let k = d + 295. List the prime factors of k.
2, 19
Let w(k) = -k**3 - 3*k**2 + 5*k - 7. Let t be w(-5). Let z = -17 - -20. Let h = t + z. List the prime factors of h.
3, 7
Suppose 0*n - 3*n + 9 = -2*w, 4*n - 14 = 2*w. Suppose t = 4*q + 534, -1043 = 3*t - 5*t + w*q. What are the prime factors of t?
2, 257
Suppose 0 = 6*a - a + 15. Let c be 3*(a + (0 - -4)). Suppose t - 2 - 84 = 3*n, c*t - n - 282 = 0. List the prime factors of t.
5, 19
Let o(x) = -x**3 - 25*x**2 - 8*x + 269. What are the prime factors of o(-37)?
16993
Let w(s) = 29*s + 3. Suppose -5 - 31 = 4*a + 4*q, 3*a = 3*q - 33. Let u be w(a). Let m = u - -470. List the prime factors of m.
3, 61
Let a be (-3)/2*((-380)/12 - 3). Let f = 95 - a. What are the prime factors of f?
43
List the prime factors of ((3 - 6) + -3348)*(-64)/6.
2, 1117
Suppose -i - 3 = 0, -3*j + i + 24 = -i. Let u(x) be the first derivative of 2*x**3/3 - 5*x**2/2 + 4*x - 48. What are the prime factors of u(j)?
2, 23
Let b(g) = -g**3 - 46*g**2 - 51*g + 70. List the prime factors of b(-48).
2, 7, 509
Let c(o) = -36*o + 48. Let g be (3 - 11/2)*(1 + -3). Let v be c(g). Let z = 121 - v. List the prime factors of z.
11, 23
List the prime factors of 10 + 7780 + (13 - 7).
2, 1949
Suppose -127*j = -122*j - 105. Suppose -4*r + 49 = 3*z - j, 5*r - 74 = 3*z. What are the prime factors of r?
2
Let i(j) = -j**3 + 2*j**2 + 9*j - 9. Let x be i(-8). Suppose 3*h = -0*h + 4*m + x, -5*m = -4*h + 747. Let a = 307 - h. List the prime factors of a.
2, 3, 19
Let x = 21467 + -12826. What are the prime factors of x?
8641
Let z(x) = -x + 17. Let i(q) = 706*q**2 - 2*q + 3. Let p be i(1). Let u be 4/(-18) - p/(-63). List the prime factors of z(u).
2, 3
Let n(s) = -130*s**3 + s**2 + 23*s + 56. List the prime factors of n(-3).
2, 1753
Suppose 0 = 1666*y - 1970*y + 7635568. List the prime factors of y.
25117
Suppose 31*g - 3*p + 3807 = 35*g, 2*p - 2855 = -3*g. What are the prime factors of g?
3, 317
Let r(f) be the first derivative of -f**4/4 - 7*f**3/6 + 7*f**2/2 + 16. Let v(k) be the second derivative of r(k). What are the prime factors of v(-9)?
47
Let j(c) = -9*c**2 + c - 1426. Let a(l) = 11*l**2 - 3*l + 1425. Let m(w) = -5*a(w) - 6*j(w). What are the prime factors of m(0)?
3, 53
Suppose 28*k - 33*k + 20900 = -2*s, -5*k = -s - 20905. What are the prime factors of k?
2, 3, 17, 41
Suppose -7*v + 294 = 2023. Let j = v + 391. What are the prime factors of j?
2, 3
Suppose -399*s + 307*s + 5209500 = 0. What are the prime factors of s?
3, 5, 151
Suppose -3*g + 3 = n, -g - 3 = n - 8. Suppose 4*f = n*m - 4*m + 10, 0 = 2*m - 2. List the prime factors of (10 - (5 - 1)) + (f - -1).
2, 5
Let h = 1171 + 6092. List the prime factors of h.
3, 269
Let a = -25 - -30. Suppose 3*p - 9 = 4*d + 3, a*p - 4*d = 12. Suppose c + p*c = 96. List the prime factors of c.
2, 3
Suppose 74*r - 1855227 + 79523 = 0. List the prime factors of r.
2, 7, 857
Let o = 1102 - -551. Suppose -o = -4*u + 79. List the prime factors of u.
433
List the prime factors of 7/(((-176)/(-966) - (-4)/(-42))/514).
7, 23, 257
Suppose z - 2 = 3*o, z - 3 = -o + 3*o. Suppose 2*c - 5*w = 1245 + 324, -z*w = 2*c - 1599. What are the prime factors of c?
2, 3, 11
Let g(s) = -s**3 - 14*s**2 - 30*s - 3. Let i be g(-12). List the prime factors of 75342/i - (-10)/115.
2, 3, 7, 13
Suppose -977 = -7*d + 3483 + 1245. What are the prime factors of d?
5, 163
Suppose 18*i - 1455 = 5079. Let s = 735 - i. List the prime factors of s.
2, 3, 31
Suppose 3*o = 3*v - 84, 3*o - 60 = -3*v - 0*o. Let w = 38 - v. List the prime factors of (-672)/w*4/(-6).
2
Suppose 62*n + 36255 = 15*n + 333389. What are the prime factors of n?
2, 29, 109
Let o(w) = 25*w**2 - 126*w + 1752. List the prime factors of o(16).
2, 13, 59
Let f be (246/(-3))/(1/(-3)). Suppose -f - 1134 = -2*c. What are the prime factors of c?
2, 3, 5, 23
Let k(d) = 29*d**2 - 10*d + 2. Let v be k(7). Let t = -719 + v. What are the prime factors of t?
2, 317
Suppose 39*h + 102*h - 1297829 = -80294. List the prime factors of h.
5, 11, 157
Let i = -8 - -18. Let x be (-2)/(-2)*(-8 + i). Suppose x*a - 5*y = 396, a - 372 = -a - y. List the prime factors of a.
2, 47
Suppose 3*z + 0*z = 18. What are the prime factors of 38/z*(-13)/((-39)/252)?
2, 7, 19
Suppose d = i + 1799, 5*d + 4*i = 5962 + 2988. Suppose 0 = -13*s - d + 4368. List the prime factors of s.
2, 3, 11
Suppose q = h + 80968, q - 6*q + 404912 = 4*h. What are the prime factors of q?
2, 3, 7, 241
Let h(k) = -4*k**3 - 5*k**2 - 8*k + 7. Suppose -56 = 3*d + 4*g - 18, -4*d - 3*g = 39. What are the prime factors of h(d)?
739
Let b be (-13 + -2)/((-5)/((-1230)/9)). Let m = -227 - b. What are the prime factors of m?
3, 61
Suppose 79*h + 570244 = 227*h. List the prime factors of h.
3853
Suppose -3*u - 393 = 5*h, -4*u + 19*h = 22*h + 546. Let g = -838 + 563. Let s = u - g. List the prime factors of s.
2, 67
Let w(v) = 2472*v - 27. List the prime factors of w(5).
3, 4111
Suppose -119*y + 79024 = -108*y. List the prime factors of y.
2, 449
Let n be 1342 - 13 - (-2 + -2). Suppose 0 = 2*g - 69 - n. What are the prime factors of g?
701
Let d(m) = 103*m**2 - 52*m + 256. What are the prime factors of d(8)?
2, 3, 67
Let i = 2779 + -1437. List the prime factors of i.
2, 11, 61
Suppose -3*k + 3*h = -h + 52, 0 = 2*k + 2*h + 16. List the prime factors of (-18108)/(-22) - k/(-132).
823
Let o(g) = -2*g**2 - 12*g - 94. Let i be o(-9). Let w = i - -316. List the prime factors of w.
2, 3, 7
Suppose 4*f + o = 161, -5*f + 4*o + 76 + 120 = 0. Let g = f - 12. What are the prime factors of g?
2, 7
Let r(v) = v**2 - v - 7. Let y be r(4). Suppose 0 = -y*l + 11*l - 72. List the prime factors of l*4/18*(-729)/(-12).
2, 3
List the prime factors of 5 + 10 + 1440 + -14.
11, 131
Let n(c) = -3*c**3 - 4*c**2 + 5*c + 14. Let y(w) = 6*w**2 + 1. Let i be y(-1). Suppose 19 = -3*g + i. List the prime factors of n(g).
2, 61
Let y be (-107)/(-15) + ((-682)/165 - -4). Suppose -y*f + 744 = -299. List the prime factors of f.
149
Let c be 8/(-20) + (-5864)/(-10). Let z = c + -309. List the prime factors of z.
277
Suppose -150468 = -29*h + 63349. List the prime factors of h.
73, 101
Let y(b) = -9*b**2 - 1487 + 7*b**3 + 1468 - 8*b**3 + 5*b. Suppose 0 = 3*t + p - 0*p + 37, 3*p + 56 = -4*t. List the prime factors of y(t).
2, 3, 7
Suppose -6 = -3*r + 2*s + 3*s, -s - 25 = -4*r. Suppose r*t = 2*t + 1280. Suppose -1424 - t = -10*x. What are the prime factors of x?
2, 3, 7
Let i = 87 + -83. Suppose 4*p + i*w + 288 = 6*p, -467 = -3*p - w. Let l = -45 + p. List the prime factors of l.
109
Let n(d) be the third derivative of d**6/120 + 11*d**5/60 - 11*d**4/24 + d**3 + 7*d**2. Let r be n(-12). What are the prime factors of ((5 - 12) + 418)*(-2)/r?
137
What are the prime factors of (-19)/6 + (-750)/900 + 37*443?
7, 2341
Let o(j) = 3*j**2 + 273*j + 570. What are the prime factors of o(-93)?
2, 3, 47
Let s(j) = -j**3 + 64*j**2 + 54*j + 679. What are the prime factors of s(36)?
167, 233
Let o be 33/9 + -3 + 2/(-3). Suppose 1680 = 10*p - o*p. Suppose 0 = 3*d, m + 2*m - p = -2*d. List the prime factors of m.
2, 7
Suppose 5*b - 3*b = 4*k - 10, 0 = -4*b + 20. Suppose -g + 88 = k*j, -j + g + 8 = 6*g. Suppose 32 = n - j. What are the prime factors of n?
2, 5
Let y(n) = 5*n**2 + 4*n + 1. Let c be y(-1). Let b be ((-9)/c)/(-3)*12/9. What are the prime factors of (-15)/(-1*b/10)?
3, 5
Suppose 0 = -4*i + 16, 4*z = -0*z - i + 44. Let q(d) = -d**3 - 7*d**2 - 6*d + 2. Let m be q(-6). Suppose 2852 = z*s + m. What are the prime factors of s?
3, 5, 